{"id":276,"date":"2023-03-12T10:32:35","date_gmt":"2023-03-12T10:32:35","guid":{"rendered":"http:\/\/xn--bergsnger-z2a.de\/?page_id=276"},"modified":"2024-10-22T16:29:55","modified_gmt":"2024-10-22T16:29:55","slug":"kontakt","status":"publish","type":"page","link":"http:\/\/xn--bergsnger-z2a.de\/?page_id=276","title":{"rendered":"Kontakt"},"content":{"rendered":"\n<h5 class=\"wp-block-heading\">Ihre Ansprechpartner<\/h5>\n\n\n\n<figure class=\"wp-block-table\"><table><tbody><tr><td>K\u00fcnstlerkontakt<\/td><td>Veranstalterkontakt<\/td><\/tr><tr><td>bergs\u00e4nger music gbr<br>Postanschrift<br>Tilo Meyer<br>Alte Stra\u00dfe 16 | 08315 Lauter \u2013 Bernsbach<br>Fax: 03771\/5955831<br>Fon: 0179 \/ 590 72 82 oder<br>Fon: 03771\/2598828<br><br><a href=\"mailto:buero@bergsaenger-geyer.de\">buero@bergsaenger-geyer.de<\/a><\/td><td>Bergs\u00e4nger &amp; Silberl\u00e4nder GbR <br>Herr Tobias Lei\u00dfner<br>Bergstra\u00dfe 1<br>04769 Lichteneichen<br>Fon: 034362239175 <br><a href=\"mailto:info@so-klingts-bei-uns-im-Arzgebirg.de\">info@so-klingts-bei-uns-im-Arzgebirg.de<\/a><\/td><\/tr><\/tbody><\/table><\/figure>\n","protected":false},"excerpt":{"rendered":"<p>Ihre Ansprechpartner K\u00fcnstlerkontakt Veranstalterkontakt bergs\u00e4nger music gbrPostanschriftTilo MeyerAlte Stra\u00dfe 16 | 08315 Lauter \u2013 BernsbachFax: 03771\/5955831Fon: 0179 \/ 590 72 82 oderFon: 03771\/2598828 buero@bergsaenger-geyer.de Bergs\u00e4nger &amp; Silberl\u00e4nder GbR Herr Tobias Lei\u00dfnerBergstra\u00dfe 104769 LichteneichenFon: 034362239175 info@so-klingts-bei-uns-im-Arzgebirg.de<\/p>\n","protected":false},"author":1,"featured_media":0,"parent":0,"menu_order":0,"comment_status":"closed","ping_status":"closed","template":"","meta":{"footnotes":""},"class_list":["post-276","page","type-page","status-publish","hentry"],"yoast_head":"<!-- This site is optimized with the Yoast SEO plugin v26.6 - https:\/\/yoast.com\/wordpress\/plugins\/seo\/ -->\n<title>Kontakt - So klingts bei uns im Arzgebirg<\/title>\n<meta name=\"description\" content=\"Aus dem MDR Fernsehen bekannte K\u00fcnstler gestalten eine gro\u00dfe Gala der erzgebirgischen Musik.\" \/>\n<meta name=\"robots\" content=\"index, follow, max-snippet:-1, max-image-preview:large, max-video-preview:-1\" \/>\n<link rel=\"canonical\" href=\"http:\/\/xn--bergsnger-z2a.de\/?page_id=276\" \/>\n<meta property=\"og:locale\" content=\"de_DE\" \/>\n<meta property=\"og:type\" content=\"article\" \/>\n<meta property=\"og:title\" content=\"Kontakt - So klingts bei uns im Arzgebirg\" \/>\n<meta property=\"og:description\" content=\"Aus dem MDR Fernsehen bekannte K\u00fcnstler gestalten eine gro\u00dfe Gala der erzgebirgischen Musik.\" \/>\n<meta property=\"og:url\" content=\"http:\/\/xn--bergsnger-z2a.de\/?page_id=276\" \/>\n<meta property=\"og:site_name\" content=\"So klingts bei uns im Arzgebirg\" \/>\n<meta property=\"article:publisher\" content=\"https:\/\/www.facebook.com\/bergsaenger\/\" \/>\n<meta property=\"article:modified_time\" content=\"2024-10-22T16:29:55+00:00\" \/>\n<meta name=\"twitter:card\" content=\"summary_large_image\" \/>\n<meta name=\"twitter:label1\" content=\"Gesch\u00e4tzte Lesezeit\" \/>\n\t<meta name=\"twitter:data1\" content=\"1\u00a0Minute\" \/>\n<script type=\"application\/ld+json\" class=\"yoast-schema-graph\">{\"@context\":\"https:\/\/schema.org\",\"@graph\":[{\"@type\":\"WebPage\",\"@id\":\"http:\/\/xn--bergsnger-z2a.de\/?page_id=276\",\"url\":\"http:\/\/xn--bergsnger-z2a.de\/?page_id=276\",\"name\":\"Kontakt - So klingts bei uns im Arzgebirg\",\"isPartOf\":{\"@id\":\"http:\/\/xn--bergsnger-z2a.de\/#website\"},\"datePublished\":\"2023-03-12T10:32:35+00:00\",\"dateModified\":\"2024-10-22T16:29:55+00:00\",\"description\":\"Aus dem MDR Fernsehen bekannte K\u00fcnstler gestalten eine gro\u00dfe Gala der erzgebirgischen Musik.\",\"breadcrumb\":{\"@id\":\"http:\/\/xn--bergsnger-z2a.de\/?page_id=276#breadcrumb\"},\"inLanguage\":\"de\",\"potentialAction\":[{\"@type\":\"ReadAction\",\"target\":[\"http:\/\/xn--bergsnger-z2a.de\/?page_id=276\"]}]},{\"@type\":\"BreadcrumbList\",\"@id\":\"http:\/\/xn--bergsnger-z2a.de\/?page_id=276#breadcrumb\",\"itemListElement\":[{\"@type\":\"ListItem\",\"position\":1,\"name\":\"Startseite\",\"item\":\"http:\/\/xn--bergsnger-z2a.de\/\"},{\"@type\":\"ListItem\",\"position\":2,\"name\":\"Kontakt\"}]},{\"@type\":\"WebSite\",\"@id\":\"http:\/\/xn--bergsnger-z2a.de\/#website\",\"url\":\"http:\/\/xn--bergsnger-z2a.de\/\",\"name\":\"So klingts bei uns im Arzgebirg\",\"description\":\"Die sch\u00f6nsten Melodien aus dem Weihnachtsland\",\"publisher\":{\"@id\":\"http:\/\/xn--bergsnger-z2a.de\/#organization\"},\"potentialAction\":[{\"@type\":\"SearchAction\",\"target\":{\"@type\":\"EntryPoint\",\"urlTemplate\":\"http:\/\/xn--bergsnger-z2a.de\/?s={search_term_string}\"},\"query-input\":{\"@type\":\"PropertyValueSpecification\",\"valueRequired\":true,\"valueName\":\"search_term_string\"}}],\"inLanguage\":\"de\"},{\"@type\":\"Organization\",\"@id\":\"http:\/\/xn--bergsnger-z2a.de\/#organization\",\"name\":\"Bergs\u00e4nger music\",\"url\":\"http:\/\/xn--bergsnger-z2a.de\/\",\"logo\":{\"@type\":\"ImageObject\",\"inLanguage\":\"de\",\"@id\":\"http:\/\/xn--bergsnger-z2a.de\/#\/schema\/logo\/image\/\",\"url\":\"http:\/\/xn--bergsnger-z2a.de\/wp-content\/uploads\/2016\/03\/Veranstaltungslogo_Soklingtsbeiuns-e1458415643243.jpg\",\"contentUrl\":\"http:\/\/xn--bergsnger-z2a.de\/wp-content\/uploads\/2016\/03\/Veranstaltungslogo_Soklingtsbeiuns-e1458415643243.jpg\",\"width\":150,\"height\":74,\"caption\":\"Bergs\u00e4nger music\"},\"image\":{\"@id\":\"http:\/\/xn--bergsnger-z2a.de\/#\/schema\/logo\/image\/\"},\"sameAs\":[\"https:\/\/www.facebook.com\/bergsaenger\/\",\"https:\/\/youtu.be\/0DsqI5uMiJs\"]}]}<\/script>\n<!-- \/ Yoast SEO plugin. -->","yoast_head_json":{"title":"Kontakt - So klingts bei uns im Arzgebirg","description":"Aus dem MDR Fernsehen bekannte K\u00fcnstler gestalten eine gro\u00dfe Gala der erzgebirgischen Musik.","robots":{"index":"index","follow":"follow","max-snippet":"max-snippet:-1","max-image-preview":"max-image-preview:large","max-video-preview":"max-video-preview:-1"},"canonical":"http:\/\/xn--bergsnger-z2a.de\/?page_id=276","og_locale":"de_DE","og_type":"article","og_title":"Kontakt - So klingts bei uns im Arzgebirg","og_description":"Aus dem MDR Fernsehen bekannte K\u00fcnstler gestalten eine gro\u00dfe Gala der erzgebirgischen Musik.","og_url":"http:\/\/xn--bergsnger-z2a.de\/?page_id=276","og_site_name":"So klingts bei uns im Arzgebirg","article_publisher":"https:\/\/www.facebook.com\/bergsaenger\/","article_modified_time":"2024-10-22T16:29:55+00:00","twitter_card":"summary_large_image","twitter_misc":{"Gesch\u00e4tzte Lesezeit":"1\u00a0Minute"},"schema":{"@context":"https:\/\/schema.org","@graph":[{"@type":"WebPage","@id":"http:\/\/xn--bergsnger-z2a.de\/?page_id=276","url":"http:\/\/xn--bergsnger-z2a.de\/?page_id=276","name":"Kontakt - So klingts bei uns im Arzgebirg","isPartOf":{"@id":"http:\/\/xn--bergsnger-z2a.de\/#website"},"datePublished":"2023-03-12T10:32:35+00:00","dateModified":"2024-10-22T16:29:55+00:00","description":"Aus dem MDR Fernsehen bekannte K\u00fcnstler gestalten eine gro\u00dfe Gala der erzgebirgischen Musik.","breadcrumb":{"@id":"http:\/\/xn--bergsnger-z2a.de\/?page_id=276#breadcrumb"},"inLanguage":"de","potentialAction":[{"@type":"ReadAction","target":["http:\/\/xn--bergsnger-z2a.de\/?page_id=276"]}]},{"@type":"BreadcrumbList","@id":"http:\/\/xn--bergsnger-z2a.de\/?page_id=276#breadcrumb","itemListElement":[{"@type":"ListItem","position":1,"name":"Startseite","item":"http:\/\/xn--bergsnger-z2a.de\/"},{"@type":"ListItem","position":2,"name":"Kontakt"}]},{"@type":"WebSite","@id":"http:\/\/xn--bergsnger-z2a.de\/#website","url":"http:\/\/xn--bergsnger-z2a.de\/","name":"So klingts bei uns im Arzgebirg","description":"Die sch\u00f6nsten Melodien aus dem Weihnachtsland","publisher":{"@id":"http:\/\/xn--bergsnger-z2a.de\/#organization"},"potentialAction":[{"@type":"SearchAction","target":{"@type":"EntryPoint","urlTemplate":"http:\/\/xn--bergsnger-z2a.de\/?s={search_term_string}"},"query-input":{"@type":"PropertyValueSpecification","valueRequired":true,"valueName":"search_term_string"}}],"inLanguage":"de"},{"@type":"Organization","@id":"http:\/\/xn--bergsnger-z2a.de\/#organization","name":"Bergs\u00e4nger music","url":"http:\/\/xn--bergsnger-z2a.de\/","logo":{"@type":"ImageObject","inLanguage":"de","@id":"http:\/\/xn--bergsnger-z2a.de\/#\/schema\/logo\/image\/","url":"http:\/\/xn--bergsnger-z2a.de\/wp-content\/uploads\/2016\/03\/Veranstaltungslogo_Soklingtsbeiuns-e1458415643243.jpg","contentUrl":"http:\/\/xn--bergsnger-z2a.de\/wp-content\/uploads\/2016\/03\/Veranstaltungslogo_Soklingtsbeiuns-e1458415643243.jpg","width":150,"height":74,"caption":"Bergs\u00e4nger music"},"image":{"@id":"http:\/\/xn--bergsnger-z2a.de\/#\/schema\/logo\/image\/"},"sameAs":["https:\/\/www.facebook.com\/bergsaenger\/","https:\/\/youtu.be\/0DsqI5uMiJs"]}]}},"_links":{"self":[{"href":"http:\/\/xn--bergsnger-z2a.de\/index.php?rest_route=\/wp\/v2\/pages\/276","targetHints":{"allow":["GET"]}}],"collection":[{"href":"http:\/\/xn--bergsnger-z2a.de\/index.php?rest_route=\/wp\/v2\/pages"}],"about":[{"href":"http:\/\/xn--bergsnger-z2a.de\/index.php?rest_route=\/wp\/v2\/types\/page"}],"author":[{"embeddable":true,"href":"http:\/\/xn--bergsnger-z2a.de\/index.php?rest_route=\/wp\/v2\/users\/1"}],"replies":[{"embeddable":true,"href":"http:\/\/xn--bergsnger-z2a.de\/index.php?rest_route=%2Fwp%2Fv2%2Fcomments&post=276"}],"version-history":[{"count":3,"href":"http:\/\/xn--bergsnger-z2a.de\/index.php?rest_route=\/wp\/v2\/pages\/276\/revisions"}],"predecessor-version":[{"id":445,"href":"http:\/\/xn--bergsnger-z2a.de\/index.php?rest_route=\/wp\/v2\/pages\/276\/revisions\/445"}],"wp:attachment":[{"href":"http:\/\/xn--bergsnger-z2a.de\/index.php?rest_route=%2Fwp%2Fv2%2Fmedia&parent=276"}],"curies":[{"name":"wp","href":"https:\/\/api.w.org\/{rel}","templated":true}]}}

<h5 class="wp-block-heading">Ihre Ansprechpartner</h5>



<figure class="wp-block-table"><table><tbody><tr><td>Künstlerkontakt</td><td>Veranstalterkontakt</td></tr><tr><td>bergsänger music gbr<br>Postanschrift<br>Tilo Meyer<br>Alte Straße 16 | 08315 Lauter – Bernsbach<br>Fax: 03771/5955831<br>Fon: 0179 / 590 72 82 oder<br>Fon: 03771/2598828<br><br><a href="mailto:buero@bergsaenger-geyer.de">buero@bergsaenger-geyer.de</a></td><td>Bergsänger &amp; Silberländer GbR <br>Herr Tobias Leißner<br>Bergstraße 1<br>04769 Lichteneichen<br>Fon: 034362239175 <br><a href="mailto:info@so-klingts-bei-uns-im-Arzgebirg.de">info@so-klingts-bei-uns-im-Arzgebirg.de</a></td></tr></tbody></table></figure>

<p>Ihre Ansprechpartner Künstlerkontakt Veranstalterkontakt bergsänger music gbrPostanschriftTilo MeyerAlte Straße 16 | 08315 Lauter – BernsbachFax: 03771/5955831Fon: 0179 / 590 72 82 oderFon: 03771/2598828 buero@bergsaenger-geyer.de Bergsänger &amp; Silberländer GbR Herr Tobias LeißnerBergstraße 104769 LichteneichenFon: 034362239175 info@so-klingts-bei-uns-im-Arzgebirg.de</p>

<!-- This site is optimized with the Yoast SEO plugin v26.6 - https://yoast.com/wordpress/plugins/seo/ -->
<title>Kontakt - So klingts bei uns im Arzgebirg</title>
<meta name="description" content="Aus dem MDR Fernsehen bekannte Künstler gestalten eine große Gala der erzgebirgischen Musik." />
<meta name="robots" content="index, follow, max-snippet:-1, max-image-preview:large, max-video-preview:-1" />
<link rel="canonical" href="http://xn--bergsnger-z2a.de/?page_id=276" />
<meta property="og:locale" content="de_DE" />
<meta property="og:type" content="article" />
<meta property="og:title" content="Kontakt - So klingts bei uns im Arzgebirg" />
<meta property="og:description" content="Aus dem MDR Fernsehen bekannte Künstler gestalten eine große Gala der erzgebirgischen Musik." />
<meta property="og:url" content="http://xn--bergsnger-z2a.de/?page_id=276" />
<meta property="og:site_name" content="So klingts bei uns im Arzgebirg" />
<meta property="article:publisher" content="https://www.facebook.com/bergsaenger/" />
<meta property="article:modified_time" content="2024-10-22T16:29:55+00:00" />
<meta name="twitter:card" content="summary_large_image" />
<meta name="twitter:label1" content="Geschätzte Lesezeit" />
	<meta name="twitter:data1" content="1 Minute" />
<script type="application/ld+json" class="yoast-schema-graph">{"@context":"https://schema.org","@graph":[{"@type":"WebPage","@id":"http://xn--bergsnger-z2a.de/?page_id=276","url":"http://xn--bergsnger-z2a.de/?page_id=276","name":"Kontakt - So klingts bei uns im Arzgebirg","isPartOf":{"@id":"http://xn--bergsnger-z2a.de/#website"},"datePublished":"2023-03-12T10:32:35+00:00","dateModified":"2024-10-22T16:29:55+00:00","description":"Aus dem MDR Fernsehen bekannte Künstler gestalten eine große Gala der erzgebirgischen Musik.","breadcrumb":{"@id":"http://xn--bergsnger-z2a.de/?page_id=276#breadcrumb"},"inLanguage":"de","potentialAction":[{"@type":"ReadAction","target":["http://xn--bergsnger-z2a.de/?page_id=276"]}]},{"@type":"BreadcrumbList","@id":"http://xn--bergsnger-z2a.de/?page_id=276#breadcrumb","itemListElement":[{"@type":"ListItem","position":1,"name":"Startseite","item":"http://xn--bergsnger-z2a.de/"},{"@type":"ListItem","position":2,"name":"Kontakt"}]},{"@type":"WebSite","@id":"http://xn--bergsnger-z2a.de/#website","url":"http://xn--bergsnger-z2a.de/","name":"So klingts bei uns im Arzgebirg","description":"Die schönsten Melodien aus dem Weihnachtsland","publisher":{"@id":"http://xn--bergsnger-z2a.de/#organization"},"potentialAction":[{"@type":"SearchAction","target":{"@type":"EntryPoint","urlTemplate":"http://xn--bergsnger-z2a.de/?s={search_term_string}"},"query-input":{"@type":"PropertyValueSpecification","valueRequired":true,"valueName":"search_term_string"}}],"inLanguage":"de"},{"@type":"Organization","@id":"http://xn--bergsnger-z2a.de/#organization","name":"Bergsänger music","url":"http://xn--bergsnger-z2a.de/","logo":{"@type":"ImageObject","inLanguage":"de","@id":"http://xn--bergsnger-z2a.de/#/schema/logo/image/","url":"http://xn--bergsnger-z2a.de/wp-content/uploads/2016/03/Veranstaltungslogo_Soklingtsbeiuns-e1458415643243.jpg","contentUrl":"http://xn--bergsnger-z2a.de/wp-content/uploads/2016/03/Veranstaltungslogo_Soklingtsbeiuns-e1458415643243.jpg","width":150,"height":74,"caption":"Bergsänger music"},"image":{"@id":"http://xn--bergsnger-z2a.de/#/schema/logo/image/"},"sameAs":["https://www.facebook.com/bergsaenger/","https://youtu.be/0DsqI5uMiJs"]}]}</script>
<!-- / Yoast SEO plugin. -->

Aus dem MDR Fernsehen bekannte Künstler gestalten eine große Gala der erzgebirgischen Musik.

Die schönsten Melodien aus dem Weihnachtsland

Bergsänger music
